42.
14
Suppose -56*g + 6532 = -1084. Calculate the highest common divisor of 10574 and g.
34
Suppose 5*o = 2*k - 3290, 4*k - 7933 = -o - 1331. Calculate the greatest common factor of 66 and k.
66
Let v(f) = 73*f. Let y be v(1). Let a = y - 48. Let s be (-6 + (-18)/12)/(3/(-40)). Calculate the greatest common factor of a and s.
25
Let l = 424 - 166. Suppose -y + h + l = y, -h - 130 = -y. Let z be (-4)/(0 - (-1)/(-8)). What is the greatest common factor of z and y?
32
Let y = 26670 + -26610. What is the highest common divisor of 218 and y?
2
Let q = 329 - 62. Suppose -11*f = -q - 8. Calculate the highest common factor of f and 175.
25
Suppose 43 = 14*v - 13. Suppose -v*g + 52 = 20. Calculate the highest common divisor of 1 and g.
1
Let r(a) = -41*a**3 + 2*a**2 - 1. Let f = 57 - 46. Suppose 4*g = -15 + f. Let s be r(g). What is the greatest common factor of 105 and s?
21
Suppose -78*u + 43*u + 3920 = 0. Calculate the greatest common factor of 182 and u.
14
Let m be (-2)/(1/(4/(24/27))). Let u be (-4*5/(-15))/((-2)/m). Suppose -u*b + 4*b = a, 8 = a - 2*b. Calculate the highest common divisor of 6 and a.
2
Let p(m) = 18*m - m - 7*m**2 + 3*m**2 + 12*m**2 - 2*m**2. Let i be p(-5). What is the greatest common factor of 1 and i?
1
Suppose h + 7*l = 9*l - 11, -2*h + 5*l = 25. Let q be (-87)/(-8) - ((-123)/24 - h). What is the greatest common divisor of 1 and q?
1
Let a = 4473 - 3663. Calculate the highest common divisor of 70 and a.
10
Suppose -70*q + 10750 = 4254 - 13454. Calculate the highest common factor of 30495 and q.
285
Let d(l) = 5*l**3 - l**2. Let f be d(2). Let u = -21858 - -21975. What is the highest common factor of f and u?
9
Suppose 40*j - 37*j - 54 = 0. Let k be (5/(105/6))/(j/630). Calculate the greatest common divisor of k and 430.
10
Let q(s) = -5*s**3 - 11*s**2 + 8. Let b be q(-3). Suppose b = 29*i - 7*i. What is the greatest common factor of i and 74?
2
Let t(k) = 4*k**2 - k + 149. Let y be t(0). Let c = y - -79. What is the highest common factor of c and 24?
12
Let m = -544 + 594. Suppose -m*h = -21*h - 261. What is the greatest common divisor of 171 and h?
9
Let v(w) = 2*w**2 - 5*w + 3. Suppose -9*r + 374 = 2*r. Let z = r + -30. Let y be v(z). Calculate the greatest common divisor of y and 135.
15
Let w = -1591 - -1634. What is the greatest common divisor of 86 and w?
43
Let j(b) be the first derivative of b**3/3 - 13*b**2 + 29*b + 161. Let d be j(33). Calculate the greatest common factor of d and 30.
10
Let a(r) = 1 + 37*r + 3 - 30*r - r**2. Let b be a(6). Let m be (105/(-20))/(6/(-80)). What is the highest common factor of m and b?
10
Let z = 436 - 440. Let n(i) = -5 - i + 0*i + 13 + 4*i**2. Let h be n(z). What is the greatest common factor of h and 57?
19
Let a = 1753 + -1717. Calculate the highest common factor of 1092 and a.
12
Let l = 679 - 673. Suppose -3*y + l = 0, a + 1 = y + 7. What is the greatest common factor of 608 and a?
8
Suppose 10*p - 6829 = -1729. Let l = -489 + p. Calculate the greatest common factor of l and 280.
7
Suppose 7119 = 50*w + 519. Calculate the highest common factor of w and 891.
33
Suppose -100 - 308 = -12*w. Suppose w = s + 19. What is the greatest common divisor of s and 3?
3
Let t(v) = 29*v - 49 + 4*v + 14. Let o be t(2). Calculate the greatest common divisor of o and 31.
31
Let i = 32 - 32. Suppose -3*t + 21 + 9 = i. Let o = 15 - t. What is the highest common divisor of 40 and o?
5
Suppose -3*w + 4*o = -w, -3*o = -w - 1. Suppose 0*j = -w*j - 122. Let r = -54 - j. Calculate the highest common divisor of 63 and r.
7
Let n be ((-200)/60)/((-9 + 7)*2/576). Calculate the highest common factor of 1545 and n.
15
Let m(r) = -2*r - 3. Let g be m(-6). Suppose 9*k + 765 = 26*k. Suppose k - 17 = 28*o. What is the highest common factor of o and g?
1
Let f = -48 + 117. Let v = f + -23. Suppose 360 = 3*x + 15. What is the highest common factor of x and v?
23
Suppose 6053 = -315*s + 200093. What is the highest common divisor of 176 and s?
88
Let l(j) = 5*j + 4. Let n be l(-20). Let h be (-8)/16 - 578/4. Let m = n - h. What is the greatest common factor of 14 and m?
7
Suppose -20*n - 115*n + 121770 = 0. What is the greatest common divisor of 33 and n?
11
Suppose -259 = -3*a + 701. Let s = 345 - a. Calculate the highest common divisor of s and 125.
25
Let c = 26 + -6. Suppose 3*a + 12 = 0, 16*a = 4*h + 19*a - 68. What is the greatest common divisor of h and c?
20
Let n be -1096*3/(-27) - 34/(-153). Suppose n = 4*z + 58. Suppose 2*a = -2*a + 704. What is the highest common divisor of z and a?
16
Suppose -1587 = -7*p - 446. Let c = p - 133. Calculate the greatest common factor of 290 and c.
10
Suppose 0 = -3*g - 24, -2*g + 169 - 130 = 5*q. Calculate the greatest common factor of 10439 and q.
11
Suppose -3*n = -52*l + 54*l - 327, 4*n + 806 = 5*l. Calculate the highest common divisor of l and 1494.
18
Suppose -3*n + 308 = n. Let d be 14*(-14)/10*660/(-264). What is the highest common divisor of d and n?
7
Let a(w) = -w**3 + 5*w**2 + 9*w - 13. Let i be a(7). Let r = i - -77. Let b = -14 + r. What is the highest common divisor of 25 and b?
5
Let s be 4/12 - 179/(-3). Let g = -7 - -56. Let d be (-24)/(-48)*(g - 1). What is the highest common divisor of s and d?
12
Let s(i) = 11*i - 44. Let l be s(9). Let v be (-7 - l)*-2*(-1)/(-4). Suppose v*c - 6 = 30*c. What is the highest common factor of 4 and c?
2
Suppose 10 = -2*z, 2*v = -2*v + 5*z + 33. Suppose -4*k = -11*k + 154. Suppose u - k = -8*m + 4*m, -3*m + 17 = u. What is the greatest common divisor of v and m?
1
Suppose -4 = -b + 3*b. Let f = 1 - b. Let w(x) = 15*x**3 + 4*x**2 + 2*x - 6. Let d be w(f). Calculate the highest common divisor of 49 and d.
49
Let p = -3875 - -3953. Suppose -2*x = -0*x - 60. What is the highest common divisor of p and x?
6
Let j(p) = p**3 + 8*p**2 + 5. Let w(q) = q**3 - 15*q**2 + 15*q - 21. Let x be w(14). Let h be j(x). What is the highest common divisor of h and 81?
27
Let k(z) = z**3 - 26*z**2 + 23*z + 85. Let t be k(26). Let q = t + -650. Calculate the greatest common divisor of 12 and q.
3
Let m be -2*(8*5/40 - 294/4). What is the greatest common divisor of m and 7105?
145
Suppose d - 441 = 26*c - 31*c, 3*d - 1215 = 3*c. What is the greatest common divisor of 18632 and d?
137
Let d(i) = 57*i**2 + i - 2. Let l(g) = 0 - 5*g**2 + 7*g - 6*g - g**3 + 6 + 0. Let x be l(-5). Let n be d(x). Calculate the greatest common divisor of 7 and n.
7
Let u be ((-6)/21)/(4/7)*-822. Let i = -355 + u. What is the greatest common factor of 56 and i?
56
Let n be (-39)/(-15) - 10/(-25). Let u be (5 - (-96)/18) + n/(-9). What is the highest common factor of u and 170?
10
Suppose 3*y + 5*m + 34 = 109, 3*m - 93 = -5*y. Calculate the greatest common factor of y and 445.
5
Suppose 40*j - 4*o + 2064 = 45*j, 436 = j - 5*o. Calculate the highest common factor of 130 and j.
26
Suppose 0*y - 16 = -4*y. Let b be 12*2574/216 + -27. Calculate the highest common divisor of b and y.
4
Let m(y) = -y**2 + 21*y + 7. Suppose -51 = 3*i - 6*i. Let s be m(i). Let p = 15 + 0. What is the highest common factor of p and s?
15
Suppose 6*w - 68 = 136. Let q = 7965 + -7948. Calculate the greatest common factor of q and w.
17
Let p(g) = -2*g**3 + 231*g**2 - 336*g - 644. Let h be p(114). Let t(o) = -111*o - 4. Let n be t(-4). What is the highest common divisor of n and h?
40
Suppose 5*b = 4*b - 105. Let v = b - -121. Calculate the greatest common factor of v and 256.
16
Suppose 4*l = -3*f + 429, l = -2*l + f + 312. Calculate the greatest common factor of 1281 and l.
21
Let a(k) = k**3 - 11*k**2 - 8*k + 94. Let z be a(11). Suppose -783 = -5*m + 4*q, -633 = -10*m + z*m + q. What is the greatest common divisor of 212 and m?
53
Suppose -5*d - 3*x - 12042 + 49092 = 0, -2*d + 14846 = -4*x. Calculate the greatest common factor of d and 7.
7
Let t be 1*(5 + -4) - 0. Suppose 11 = 3*h - t. Suppose h*y - 170 = -4*l + 374, 4*l - 4 = 0. Calculate the highest common divisor of y and 54.
27
Suppose 3 + 5 = 2*j, -3*z - 2*j - 577 = 0. Let n = 126 - z. Let k = n + -222. What is the highest common factor of k and 33?
33
Let u = -27 + 32. Let q be 4*16/(u + -3). What is the highest common factor of 48 and q?
16
Suppose -16*d + x = -20*d - 23, -2*d + 8 = -6*x. Let g(k) = 3*k. Let j be g(3). Let p be (1 -